?
-116148
Convert -602703 (base 8) to base 6.
-4125015
What is -7384a26 (base 11) in base 6?
-1142445054
501521 (base 7) to base 12
40b92
Convert -124411231 (base 5) to base 14.
-122cdd
Convert -1046524 (base 7) to base 11.
-89395
2415580 (base 9) to base 2
100111111110001000001
What is 2024412 (base 5) in base 8?
100523
What is -290225 (base 11) in base 7?
-3601011
Convert -31567125 (base 8) to base 14.
-c784a9
What is 6212643 (base 10) in base 9?
12618126
-18b534 (base 14) to base 11
-549473
Convert -2200001212211 (base 3) to base 2.
-101011010010100110100
-1255242 (base 7) to base 6
-3312223
-112444220 (base 5) to base 10
-515560
1011011100100011 (base 2) to base 9
71272
-2937c0 (base 13) to base 3
-1220012010020
What is -22c339 (base 16) in base 10?
-2278201
Convert 139661 (base 11) to base 2.
110101001010010010
-10000110110101100 (base 2) to base 9
-114626
Convert -245224204 (base 6) to base 16.
-4831cc
What is -565417 (base 10) in base 13?
-16a488
What is 146219 (base 15) in base 2?
11101111111001000111
-42522132 (base 6) to base 9
-2322502
-16e52 (base 15) to base 2
-10010000101110110
-231012203113 (base 4) to base 16
-b468d7
Convert -13434023 (base 5) to base 9.
-232801
Convert -17132a9 (base 12) to base 4.
-102020223201
What is 15a0a8 (base 14) in base 7?
6303301
What is 1000560 (base 14) in base 11?
4283940
What is -34525211 (base 6) in base 3?
-2000022110221
What is -30da5 (base 16) in base 9?
-334434
-12ae445 (base 16) to base 10
-19588165
1000443 (base 6) to base 15
dd1c
Convert 6426c (base 13) to base 8.
540546
What is -404352 (base 7) in base 16?
-10cb0
Convert -23980 (base 12) to base 6.
-1010240
4087a (base 12) to base 7
500311
Convert -40622005 (base 7) to base 4.
-30332030323
Convert 1b4681 (base 13) to base 4.
2221301023
6501223 (base 7) to base 2
11000000111101110011
-25445 (base 7) to base 3
-100020212
What is 94a31 (base 14) in base 12?
153717
-3300130103 (base 4) to base 3
-1212000221222
Convert 2030214 (base 5) to base 15.
9c74
86d2a3 (base 14) to base 9
8533804
What is -7d110 (base 15) in base 13?
-10c4c1
-625406 (base 7) to base 12
-522b5
-16859 (base 16) to base 10
-92249
Convert 120211232 (base 4) to base 2.
11000100101101110
36350652 (base 7) to base 9
6076410
32a004a (base 11) to base 6
323542145
-10111000110100110 (base 2) to base 5
-11012010
Convert -1831a5 (base 11) to base 5.
-33014113
What is 920090 (base 11) in base 6?
51410252
Convert -166885 (base 10) to base 12.
-806b1
Convert -20d9d (base 14) to base 6.
-1412051
What is 10001010010011100110 (base 2) in base 8?
2122346
What is -7bd3a (base 15) in base 6?
-12242144
What is -286390 (base 11) in base 10?
-447678
What is 2442314034 (base 5) in base 9?
11854611
Convert 200413355 (base 6) to base 14.
64443d
44a3a45 (base 11) to base 13
182c892
What is 31300031 (base 4) in base 14?
1675b
What is -10003032232 (base 4) in base 8?
-4031656
22312020222 (base 4) to base 13
787170
What is -222100030 (base 5) in base 16?
-ed472
Convert 472661 (base 8) to base 16.
275b1
Convert -a1c989 (base 14) to base 3.
-101020222000021
-101000010011110101 (base 2) to base 10
-165109
10101011110110011100 (base 2) to base 6
23030444
What is -16524240 (base 7) in base 6?
-54414540
What is -1111011001101000000 (base 2) in base 10?
-504640
21221120003 (base 4) to base 7
30331340
-185246 (base 12) to base 13
-11ab16
Convert -265659 (base 15) to base 2.
-111000001011010101001
What is -2340c (base 14) in base 10?
-85860
-46351 (base 10) to base 9
-70521
What is 427550 (base 9) in base 5?
31123441
-28bab4 (base 14) to base 2
-101011001100001101110
What is 1531261 (base 7) in base 3?
101122012111
What is 254b11 (base 13) in base 2?
11011010110000110100
What is -15234555 (base 7) in base 8?
-5430266
What is -124520512 (base 6) in base 14?
-483496
-28533 (base 9) to base 3
-222121010
What is -2933882 (base 10) in base 5?
-1222341012
Convert -49380 (base 10) to base 13.
-19626
What is -19433c (base 14) in base 9?
-1613861
201100201011 (base 3) to base 7
3144643
100011101000101110 (base 2) to base 10
145966
What is ab8ad (base 16) in base 10?
702637
What is -510203243 (base 6) in base 5?
-4211204230
What is 2122222102201 (base 3) in base 9?
2588381
-3115c6 (base 15) to base 8
-10715374
-1233222 (base 4) to base 14
-2866
1332150 (base 6) to base 2
10010001010000010
What is -517d8 (base 15) in base 12?
-105572
Convert -100101101001011110 (base 2) to base 3.
-21211112100
Convert 891a (base 16) to base 8.
104432
-1102102201122 (base 3) to base 15
-ee238
What is 247586a (base 13) in base 10?
11351142
What is 111001213 (base 4) in base 10?
86119
Convert 12113144240 (base 5) to base 6.
1224115315
What is 12033432 (base 5) in base 3?
12200021121
What is 75884e (base 15) in base 3?
101112101111102
847299 (base 11) to base 12
555113
Convert -3054236 (base 8) to base 10.
-809118
What is -28a318 (base 11) in base 14?
-bb0b8
-1001000000011001000001 (base 2) to base 3
-11102221112122
Convert -b95381 (base 13) to base 7.
-51666403
What is -11012111120220 (base 3) in base 6?
-115514553
What is -10506 (base 7) in base 2?
-101001011100
2986926 (base 10) to base 12
1000666
Convert 1d5b81 (base 16) to base 6.
105123133
Convert -10038842 (base 10) to base 12.
-3441622
Convert -624980 (base 11) to base 14.
-1c129b
Convert 2200101012102 (base 3) to base 5.
331041422
Convert 101111110101010110011 (base 2) to base 14.
2cb2dd
11434301 (base 5) to base 12
52aa5
What is -11101200202 (base 3) in base 5?
-10232103
What is -2222011121001 (base 3) in base 5?
-400443424
Convert 4a1e12 (base 16) to base 4.
102201320102
1100111101001110 (base 2) to base 6
1045410
Convert 1873813 (base 9) to base 5.
232140412
What is -12110100111 (base 3) in base 6?
-2145151
Convert -202245130 (base 7) to base 15.
-108436d
What is -87e31 (base 15) in base 5?
-102304241
What is 88390 (base 10) in base 11?
60455
Convert -1211220332 (base 4) to base 13.
-117656
Convert -278a1 (base 11) to base 15.
-bb53
1d0dcd (base 14) to base 6
34142345
-11001001102221 (base 3) to base 14
-3dc374
What is -35641 (base 9) in base 8?
-56453
What is 3171a5c (base 13) in base 12?
50608a3
Convert 7e834 (base 16) to base 5.
113040241
-212022011011 (base 3) to base 15
-90d6d
Convert 1a2602 (base 15) to base 14.
252287
1002245 (base 7) to base 8
347302
Convert -2148637 (base 9) to base 5.
-243421102
What is 5a1578 (base 12) in base 15?
1dac75
What is -221112022 (base 4) in base 16?
-2958a
Convert 470613 (base 10) to base 5.
110024423
What is 2020302101 (base 4) in base 13?
16802c
What is 73135 (base 9) in base 3?
2110011012
-1201573 (base 8) to base 10
-328571
-749219 (base 12) to base 10
-1840629
22031665 (base 7) to base 13
512506
-101011110111100110 (base 2) to base 3
-100010111001
Convert -13412512 (base 8) to base 12.
-10178b6
What is -377894 (base 12) in base 6?
-31221504
-111113423 (base 5) to base 3
-220211020210
What is -125005 (base 10) in base 4?
-132201031
45b132 (base 12) to base 15
1714b8
What is b13ab (base 12) in base 6?
4534335
-3963860 (base 10) to base 5
-2003320420
-2504535 (base 6) to base 14
-367c7
-111100001000101101 (base 2) to base 5
-30340232
-134474 (base 10) to base 5
-13300344
What is -b401a (base 14) in base 7?
-3454033
What is 155135404 (base 7) in base 5?
10141343221
-94198 (base 10) to base 11
-64855
Convert -3a50 (base 14) to base 5.
-312022
-365521 (base 8) to base 4
-132231101
a56218 (base 12) to base 9
4806172
What is -12321404032 (base 5) in base 8?
-71250642
4405014 (base 7) to base 5
114231200
-50ec5f (base 16) to base 14
-9c0a19
Convert 504252 (base 6) to base 13.
151a3
-10121020120101 (base 3) to base 11
-1098057
What is -40449 (base 13) in base 4?
-130010211
10200110212 (base 3) to base 6
1315422
What is 17229a (base 11) in base 15?
53ea1
Convert -2cc (base 16) to base 9.
-875
What is 1219951 (base 10) in base 7?
13240465
135135013 (base 7) to base 12
2b6922a
What is -1111120000111 (base 3) in base 12?
-325b64
-312427 (base 10) to base 14
-81c03
-348038 (base 9) to base 10
-209258
Convert -88320 (base 12) to base 10.
-180168
16430534 (base 7) to base 10
1604138
Convert -12041531 (base 10) to base 3.
-211122202212122
What is 1977a (base 12) in base 15?
b12a
Convert c6602a (base 13) to base 8.
21546544
221222200000 (base 3) to b